ose -317 + 548 = 21*y. Calculate the remainder when w is divided by y.
5
Let v = 23946 + -21485. Calculate the remainder when v is divided by 75.
61
Let k(z) = -6*z**2 + 19*z - 7. Let p be k(3). Calculate the remainder when 15 is divided by (4 - -4)*7/(-28)*p.
7
Suppose 172 = -2*j + d + 264, -2*j - 4*d = -62. What is the remainder when 851 is divided by j?
34
Calculate the remainder when 223 is divided by 15*2 + 375/(-75).
23
Let s = 6139 - 5769. Let t = 42 + -11. What is the remainder when s is divided by t?
29
Let h(a) = a**2 + a - 24. Let i be h(0). Let d be (i/(-16))/(1/2). Calculate the remainder when 47 is divided by (-1)/(d/(-2)) - (-770)/33.
23
Let w = 140 + -140. Suppose w = -5*a + 2*a + 210. Calculate the remainder when a is divided by 12.
10
Let k(l) = l**2 - 15*l + 88. Let p be k(26). Suppose 0*n - 34*n = -p. Calculate the remainder when 230 is divided by n.
10
What is the remainder when -3 + (-160)/(-16) + 304 is divided by 119?
73
Let u = 633 - 603. What is the remainder when 126 is divided by u?
6
Let m = -531 - -2886. Calculate the remainder when m is divided by 124.
123
What is the remainder when 1/(-7) - 149084/(-427) is divided by 51?
43
Let q(d) = -1533*d - 7388. What is the remainder when 5257 is divided by q(-5)?
271
Suppose -13*w + 2 + 50 = 0. Let q(l) = -l**2 + l + 1. Let h be q(0). Suppose -5*i = -h - 14. Calculate the remainder when w is divided by i.
1
Let s = 767 + -1098. Let q = -293 - s. What is the remainder when 188 is divided by q?
36
Suppose 3*u + 134 = p, -3*p + u + 3*u = -392. Suppose 273*m = 281*m - p. What is the remainder when (63/(-2))/((-2)/4) is divided by m?
15
Suppose -2*h + 16 = -5*p, 2 = -5*p + 12. Suppose 4*r + r = 0. Suppose 3*w + h - 1 = r, 88 = 2*o + w. Calculate the remainder when o is divided by 12.
10
Let i = -148 - -143. Calculate the remainder when (-4675)/(-34)*(-6)/i is divided by 24.
21
Let s be (56/(-12))/(5 + (-62)/12). Suppose 5*j = 12 + s. What is the remainder when 28 + (-2 + -6)/(-4) is divided by j?
6
Let x be 21 + -5 + (-1)/1. Suppose 4*k + x = -3*y + 35, 0 = -3*k - 12. Calculate the remainder when 34 is divided by y.
10
Let a = 639 + -123. What is the remainder when ((-44)/132)/((-1034)/a - -2) is divided by 29?
28
Let o(t) = 2*t**2 - 4*t + 17. Let f be o(7). Suppose -f*k = -63*k - 3192. Calculate the remainder when k is divided by 71.
62
Suppose 0 = -2*k - 27*k + 17*k + 28128. Calculate the remainder when k is divided by 67.
66
Let l = -205 + 249. Let d(y) = 4*y**2. Let v be (1 - 5/1)/(-2). Calculate the remainder when l is divided by d(v).
12
Suppose 4*p - 2*j = j + 17, -9 = -3*p + j. Suppose -23*o + 13464 = 130*o. What is the remainder when o is divided by p + 3 + (-40)/(-4)?
13
Let a(s) = s**3 + 10*s**2 - 80. Calculate the remainder when 194 is divided by a(-4).
2
Let w = 3280 - 3267. What is the remainder when 4900 is divided by w?
12
Let q(i) = -421 - 24 - 1347*i + 1307*i + 97. Let d = -1 - -21. What is the remainder when d is divided by q(-9)?
8
Suppose 143 - 39 = 4*t. Let i = -243 + 249. What is the remainder when t is divided by 4/i + (760/15)/8?
5
Suppose -14066 = -240*x - 7826. Let b = -16 - -27. What is the remainder when x is divided by b?
4
Let k(r) = r**3 - 10*r**2 - 21*r + 439. What is the remainder when k(12) is divided by 14?
13
Suppose 0 = -47*j + 42*j. Suppose 4*x - x + 708 = j. Let k = x - -350. What is the remainder when k is divided by 39?
36
Let x(z) = -z**3 + 45*z**2 + 2353*z + 310. Calculate the remainder when 327 - 0/(1*-2) is divided by x(76).
81
Suppose -5*m = -4*m + 4*y + 13, 5*m + 33 = -4*y. Calculate the remainder when 91 is divided by ((-168)/6)/7*m.
11
Suppose -5*i + 1365 = 2*l, 5*l - 547 = 3*i + 2943. What is the remainder when l is divided by 4?
3
Let m(f) = 4*f**2 - 37*f + 117. What is the remainder when 3434 is divided by m(5)?
10
Let g(z) = 2*z + 56. Suppose -o + 5*o = -2*n + 18, 0 = -3*o - 4*n + 11. Let u be (-1)/((-258)/(-51) - o). Calculate the remainder when g(u) is divided by 6.
4
Let v(n) = -10*n - 104. Calculate the remainder when 6731 is divided by v(-17).
65
Suppose -22168 = -56*g + 25992. What is the remainder when g is divided by 16?
12
Let w(x) = x**3 + 3*x**2 - 2*x. Let l be (1/7)/((-2)/(-14)). Let h be w(l). What is the remainder when 29 is divided by (2 - 0 - -1)/(h/2)?
2
Suppose 5*o = -3*d + 20, 3*d = o + 6*d + 8. Calculate the remainder when 15 is divided by o.
1
Suppose 7*g - 653 - 313 = 0. Calculate the remainder when 34 is divided by 23/4 + (g/(-24) - -5).
4
Let m(i) = i**3 + 40*i**2 - 12*i + 292. What is the remainder when m(-35) is divided by 18?
15
Let t = 177 - 161. Calculate the remainder when 89 - (6 + -7)*2 is divided by t.
11
Let b(u) be the third derivative of 34*u**5/5 - 8*u**2. Let l be b(1). Suppose -6*m = -14*m + l. What is the remainder when m is divided by 26?
25
Let h(t) = t**2 - 25*t - 416. Suppose 2*d + 0*d + 12 = l, 2*d - 38 = -4*l. What is the remainder when h(37) is divided by l?
8
Let y be (-80)/(-12)*(-1632)/(-40). Suppose 0 = 5*d + 62 - y. Calculate the remainder when d is divided by 11.
9
Let w(j) = j**3 + 24*j**2 + 22*j + 16. Let i be w(-23). Suppose -i*h - 425 = -44*h. Calculate the remainder when h is divided by 19.
9
Suppose -106*h + 24130 = -68*h. What is the remainder when h is divided by 40?
35
Let k = 4051 + -4018. Calculate the remainder when 488 is divided by k.
26
Suppose 47*h - 8216 = -5*h. Calculate the remainder when 7109 is divided by h.
157
Suppose -5*h + 4*f = -634, 98*h = 103*h + f - 654. What is the remainder when 498 is divided by h?
108
Calculate the remainder when 792 is divided by ((172755/(-30))/33)/(3/(-6)).
94
Let y(i) = -i**2 - 11*i - 8. Let m be y(-7). What is the remainder when 69 is divided by (1*(-5)/2)/(m/(-200))?
19
Suppose t = d + 83, -3*d + 8*d = -4*t + 314. Let n = 137 + -291. Let p = 195 + n. What is the remainder when t is divided by p?
40
Suppose 2*d + d + 51 = 0. Let h = -56 - d. Let g = h - -95. What is the remainder when g is divided by 19?
18
Calculate the remainder when 3061 is divided by 1 - 4 - (74/703 - 916/38).
16
Let m(t) = -117*t**2 - 824*t + 4. What is the remainder when m(-6) is divided by 360?
16
Suppose 2*s - 9495 = -12*s - 1165. Calculate the remainder when s is divided by 116.
15
What is the remainder when 106/371 - (360/7)/(-2) is divided by 236/36 + 32/72?
5
Let g = 68 + -75. Let k(m) = m**2 - m - 23. Let o be k(g). Calculate the remainder when 55 is divided by o - -2*(3 + -5).
26
Let w(b) = 7*b**2 - 36*b + 60. Calculate the remainder when 114 is divided by w(4).
2
Let o = -1958 - -2050. Calculate the remainder when o is divided by 17.
7
Let q = -24 - -29. Suppose -3 - 28 = -b - q*t, 4*b = -5*t + 79. What is the remainder when 21 is divided by b?
5
Let u(s) = -2*s + 13. Let i be u(-6). Suppose -i*l + 23*l = -56. What is the remainder when 106 is divided by l?
22
Suppose -5*l + 9*l = 12. Calculate the remainder when -19*16/(-15 + -1) is divided by l.
1
Suppose -15630 = -72*m + 25*m + 12476. What is the remainder when m is divided by 15?
13
Suppose -12*j = -17*j + 320. Let l = j + -3. Suppose -4*r - 161 = p - 4*p, 5*r = p - l. What is the remainder when p is divided by 18?
15
Calculate the remainder when 133 is divided by ((-3)/(-4)*9)/(6 - 23/4).
25
Let v(r) = 34*r - 170. Let f be v(5). Let k(i) = -14*i + 126. What is the remainder when k(f) is divided by 16?
14
Let x = 28 + -32. Let k be (x + 4)/(3/3). Suppose k*c = -c + 19. What is the remainder when 74 is divided by c?
17
Let s be (0 + -1)/((-8)/200*5). Suppose -24 + 109 = s*l. Calculate the remainder when l is divided by 2.
1
Suppose 211*c = 246*c - 17850. Calculate the remainder when c is divided by 88.
70
Let y(f) = 428*f**2 + 18*f - 2. What is the remainder when 911 is divided by y(1)?
23
Suppose -10*a - 36*a = -6*a - 9080. Calculate the remainder when a is divided by 97.
33
Suppose 337*k - 490779 = -290129 + 431225. What is the remainder when k is divided by 933?
9
Let p(s) = -12 + 7*s**2 - s**2 - 11 + 3*s**2 - 2*s**3 + 14*s + 0*s**2. What is the remainder when 90 is divided by p(5)?
2
Suppose -m + 1123 = g, 9*g - 8*g = -2*m + 1124. What is the remainder when g is divided by 47?
41
Suppose -4*m = -42*m + 100548. Suppose m + 2629 = 25*r. Calculate the remainder when r is divide